2 (base 3) in base 8?
-1025
What is -26440 (base 9) in base 13?
-8187
-847 (base 14) to base 7
-4520
Convert -27483 (base 12) to base 4.
-31033203
What is 101001000001 (base 2) in base 14?
d57
Convert -27026 (base 8) to base 9.
-17158
3093 (base 11) to base 5
112340
What is 6c9 (base 13) in base 10?
1179
-3315 (base 8) to base 9
-2344
Convert -85716 (base 9) to base 13.
-1ca79
57f (base 16) to base 7
4050
3275 (base 11) to base 4
1003131
Convert 2b49 (base 13) to base 6.
45122
Convert 496 (base 11) to base 12.
411
-1101100010 (base 2) to base 9
-1162
What is -11321220 (base 4) in base 9?
-36133
Convert -3007 (base 10) to base 11.
-2294
Convert 171 (base 10) to base 5.
1141
Convert -2122 (base 9) to base 5.
-22214
Convert 407 (base 8) to base 13.
173
Convert 102112 (base 6) to base 16.
203c
What is 7843 (base 9) in base 15?
1ab0
Convert 23330131 (base 4) to base 6.
1014301
Convert 21112210 (base 3) to base 11.
4152
Convert 182 (base 15) to base 7.
1004
11111100000000 (base 2) to base 14
5c40
Convert 215d (base 16) to base 7.
33621
c16 (base 13) to base 16
7ff
-544 (base 15) to base 7
-3316
What is -12634 (base 10) in base 9?
-18287
What is 7377 (base 11) in base 5?
303024
Convert 101012011 (base 3) to base 14.
29c9
What is abb (base 13) in base 5?
24334
Convert -26402 (base 11) to base 15.
-b2be
Convert -1063 (base 7) to base 16.
-184
Convert 1185 (base 10) to base 2.
10010100001
-1011010000101 (base 2) to base 7
-22544
-1450 (base 7) to base 4
-20332
What is 740 (base 9) in base 3?
211100
Convert -8869 (base 12) to base 7.
-61620
Convert -49d (base 14) to base 15.
-418
7729 (base 10) to base 7
31351
What is 57 (base 15) in base 6?
214
Convert -e4cd (base 15) to base 13.
-19009
1c0 (base 13) to base 7
643
Convert 101011101000010 (base 2) to base 9.
33570
Convert 12515 (base 6) to base 3.
2122002
-11323 (base 4) to base 5
-3004
-10000 (base 4) to base 11
-213
What is 10321 (base 4) in base 11?
265
Convert 36b8 (base 16) to base 2.
11011010111000
Convert 220222 (base 3) to base 6.
3042
31961 (base 12) to base 11
45079
4662 (base 7) to base 15
790
21947 (base 10) to base 16
55bb
What is -58ea (base 16) in base 14?
-841c
1024330 (base 5) to base 11
12138
What is -509 (base 11) in base 3?
-211202
Convert 1120101010 (base 3) to base 7.
156030
-10100011111 (base 2) to base 10
-1311
-1a (base 13) to base 10
-23
What is 1040311 (base 5) in base 14?
68c6
What is 60 (base 16) in base 9?
116
1018 (base 9) to base 6
3242
Convert 222002020 (base 3) to base 5.
1102024
What is -7156 (base 8) in base 4?
-321232
Convert -746 (base 9) to base 16.
-261
Convert 2120021202 (base 3) to base 12.
25292
-1001000111 (base 2) to base 15
-28d
Convert -45513 (base 6) to base 11.
-4937
b96 (base 15) to base 10
2616
417 (base 11) to base 5
4002
Convert 9488 (base 14) to base 5.
1304400
What is -21b (base 15) in base 6?
-2112
What is 6a17 (base 13) in base 6?
152540
What is 1523 (base 8) in base 9?
1145
What is 110000110100 (base 2) in base 15?
dd4
Convert -10001010111111 (base 2) to base 14.
-3355
1021021 (base 3) to base 6
4141
-d2 (base 15) to base 4
-3011
Convert -1220011 (base 3) to base 5.
-21011
Convert 2a1 (base 11) to base 12.
255
Convert 957 (base 15) to base 12.
1277
-8d3b (base 14) to base 4
-11333221
What is -1053454 (base 6) in base 12?
-2728a
What is -129 (base 16) in base 8?
-451
What is -630 (base 7) in base 4?
-10323
Convert -310203 (base 4) to base 12.
-1b43
Convert 8066 (base 9) to base 8.
13404
What is -1500 (base 9) in base 3?
-1120000
What is -103 (base 12) in base 7?
-300
-106 (base 9) to base 13
-69
Convert -20031 (base 4) to base 11.
-438
202012100 (base 3) to base 16
3984
1743 (base 9) to base 11
1004
What is c4 (base 13) in base 6?
424
-36 (base 13) to base 9
-50
What is -ef6 (base 16) in base 5?
-110310
-10010101111 (base 2) to base 8
-2257
1070 (base 10) to base 7
3056
What is 136 (base 15) in base 16?
114
What is -1134 (base 7) in base 11?
-34a
What is 1123230 (base 5) in base 16?
4fd8
Convert 353d (base 15) to base 9.
16454
What is -1632 (base 9) in base 3?
-1201002
Convert -101110101001 (base 2) to base 4.
-232221
Convert 2021111 (base 3) to base 4.
121330
Convert 1103 (base 8) to base 15.
289
173 (base 15) to base 11
283
-1355 (base 6) to base 10
-359
What is 13086 (base 14) in base 12?
23092
-1605 (base 8) to base 16
-385
-1021030 (base 4) to base 7
-16441
Convert 198c (base 16) to base 12.
3950
What is -11200011 (base 3) in base 12?
-1b7a
-2200121212 (base 3) to base 2
-1100111011001111
4f6 (base 16) to base 9
1661
What is -332433 (base 5) in base 15?
-3698
What is 11243 (base 9) in base 8?
16503
222110020 (base 3) to base 8
45524
Convert 5b4b (base 12) to base 6.
115335
Convert 363 (base 7) to base 4.
3000
What is -888 (base 10) in base 6?
-4040
121674 (base 9) to base 2
10001111011101101
Convert 2044 (base 6) to base 13.
295
12112021 (base 3) to base 8
7676
Convert -bf8 (base 16) to base 5.
-44224
What is 1000123 (base 5) in base 4?
3310233
What is 2014 (base 5) in base 6?
1111
What is -311 (base 4) in base 16?
-35
-1091 (base 11) to base 9
-1860
-22532 (base 8) to base 11
-7203
What is -701a (base 11) in base 3?
-110210212
What is 21203013 (base 4) in base 3?
1222122120
-1315 (base 7) to base 14
-27c
What is 1490 (base 10) in base 11?
1135
Convert 11001110000 (base 2) to base 3.
2021001
-25506 (base 13) to base 6
-1251130
Convert -1110101011 (base 2) to base 8.
-1653
Convert -122124 (base 5) to base 10.
-4664
What is 133221 (base 5) in base 16?
153c
What is -2303 (base 6) in base 10?
-543
-4614 (base 10) to base 3
-20022220
What is -2a9a1 (base 12) in base 8?
-165411
Convert -51 (base 15) to base 12.
-64
What is -13427 (base 10) in base 13?
-615b
What is -303251 (base 7) in base 11?
-35835
-29e (base 15) to base 12
-41b
Convert 35102 (base 9) to base 2.
101101101110011
511 (base 6) to base 2
10111011
What is -2681 (base 9) in base 11?
-1574
-48b (base 13) to base 4
-30113
Convert -39426 (base 11) to base 14.
-167b8
What is -212 (base 5) in base 12?
-49
-24400 (base 8) to base 14
-3b7a
What is -153133 (base 7) in base 13?
-10801
What is -1100111011 (base 2) in base 14?
-431
Convert 2002030 (base 5) to base 10.
31515
What is 1332323 (base 4) in base 9?
12125
What is -302012 (base 4) in base 12?
-1a32
Convert -1120230 (base 4) to base 6.
-42140
-ed (base 16) to base 5
-1422
What is -607 (base 12) in base 8?
-1547
-15295 (base 12) to base 4
-13101101
What is -111201220 (base 3) in base 13?
-4734
-100501 (base 6) to base 5
-223312
213113 (base 5) to base 6
53415
Convert -2241 (base 5) to base 6.
-1253
What is 445 (base 7) in base 3?
22111
Convert -300 (base 12) to base 16.
-1b0
Convert -11353 (base 6) to base 9.
-2236
Convert 61264 (base 10) to base 9.
103031
Convert 10110 (base 7) to base 13.
1170
Convert 22102100 (base 3) to base 5.
144023
What is 20a (base 16) in base 11?
435
What is -512 (base 15) in base 16?
-476
-2013 (base 7) to base 5
-10241
8664 (base 9) to base 8
14350
-cf4 (base 16) to base 13
-1681
Convert 1db2 (base 14) to base 3.
21110210
Convert 10367 (base 9) to base 8.
15321
What is -4397 (base 11) in base 16?
-16a1
What is -201233 (base 4) in base 10?
-2159
What is 80a (base 13) in base 12?
956
Convert 424645 (base 7) to base 11.
50437
What is -30431 (base 8) in base 10?
-12569
Convert 315015 (base 6) to base 12.
12a6b
-61a (base 16) to base 9
-2125
-1333 (base 5) to base 2
-11011010
What is 2021112 (base 3) in base 14?
869
175 (base 14) to base 3
102002
106 (base 8) to base 2
1000110
Convert -10323313 (base 4) to base 3.
-1000201201
2221020 (base 3) to base 7
6144
-42622 (base 7) to base 11
-7a67
What is 60 (base 12) in base 7?
132
What is -21884 (base 9) in base 15?
-44ba
Convert -1133313 (base 5) to base 11.
-14927
What is 1011110110011 (base 2) in base 11?
4616
Convert -2210110 (base 3) to base 14.
-a57
10762 (base 9) to base 3
100212002
-1065 (base 7) to base 11
-325
Convert 130012 (base 4) to base 3.
2110121
15300 (base 8) to base 12
3b68
Convert -3674 (base 8) to base 14.
-a16
Convert -63 (base 13) to base 4.
-1101
24334 (base 5) to base 16
734
What is 4654 (base 8) in base 5?
34401
Convert -914 (base 12) to base 5.
-20222
Convert -9a99 (base 11) to base 12.
-7841
What is -11 (base 16) in base 13?
-14
331 (base 4)